what is 1234 - -443143?
444410
In base 6, what is 134534 - 2110?
132424
In base 16, what is 18 - -64a19?
64a31
In base 16, what is 5 - -22fea0f?
22fea14
In base 14, what is 2 + -30b8497?
-30b8495
In base 4, what is 3321033133 - -2?
3321033201
In base 12, what is -13 - -161ba3?
161b90
In base 7, what is -4644 - -1345545?
1340601
In base 2, what is 1110011 + 1001111000011011000?
1001111000101001011
In base 9, what is -2350782 + -13?
-2350805
In base 10, what is 817947183 + 4?
817947187
In base 15, what is 1e3634 - 74?
1e35b0
In base 15, what is -14b - -2d9c16?
2d9aba
In base 6, what is 102324343 + 35?
102324422
In base 13, what is 1214319 + -24?
12142c5
In base 8, what is -2574167 + 6?
-2574161
In base 3, what is -10 - 1102100210111100?
-1102100210111110
In base 9, what is 285 - -1316177?
1316473
In base 9, what is -203 - 28476?
-28680
In base 4, what is 13223 - 2023013200?
-2022333311
In base 2, what is -1 - -1000011001000100011101100?
1000011001000100011101011
In base 2, what is 111000101 + 110101110000101111?
110101110111110100
In base 3, what is 112111100 + -21011012?
21100011
In base 9, what is -83 - -1345550?
1345456
In base 2, what is 1110101011001101100111101 - -11100?
1110101011001101101011001
In base 9, what is -32466710 - 5?
-32466715
In base 8, what is -465 - 100147?
-100634
In base 9, what is 0 + -2555203?
-2555203
In base 2, what is 100110110000011100100011 + 100?
100110110000011100100111
In base 13, what is a - 265a?
-2650
In base 14, what is 2 - 136796a8?
-136796a6
In base 16, what is d - -1edcb12?
1edcb1f
In base 7, what is -522332214 + 3?
-522332211
In base 5, what is 13100424 - -201?
13101130
In base 10, what is 5 - -43537?
43542
In base 4, what is 3 + 33000303101?
33000303110
In base 2, what is 1010011100000111110100000100 - -101?
1010011100000111110100001001
In base 7, what is -164306 - -265?
-164011
In base 15, what is 0 + 18cbe6?
18cbe6
In base 15, what is 3 + b511aa?
b511ad
In base 8, what is -4 + 17744205?
17744201
In base 11, what is -2302371 - -5?
-2302367
In base 4, what is -123222 - -3223031?
3033203
In base 9, what is -1160478 - 76?
-1160565
In base 2, what is -110111000111011001100001010 - 101?
-110111000111011001100001111
In base 6, what is 122124410200 - 2?
122124410154
In base 13, what is -5 - 35bc342?
-35bc347
In base 13, what is -151194 - 16?
-1511aa
In base 11, what is -600 - -9413?
8913
In base 6, what is -254510044 + -5?
-254510053
In base 10, what is 141 - -227754?
227895
In base 7, what is -105131642 + -10?
-105131652
In base 14, what is -a0 - 465?
-525
In base 7, what is -456 - 11151153?
-11151642
In base 15, what is 11 + b1cc4?
b1cd5
In base 14, what is 1 + -57a385?
-57a384
In base 5, what is 120213220310 - -3?
120213220313
In base 10, what is 3036559 - 5?
3036554
In base 3, what is 122 + -2011202010210?
-2011202010011
In base 6, what is -330144 + -341?
-330525
In base 10, what is -78 - 82658?
-82736
In base 12, what is 473 + -19b18?
-19665
In base 13, what is 59578 - -10?
59588
In base 8, what is -1647 + -22425?
-24274
In base 7, what is 253115333 - 0?
253115333
In base 10, what is 13138826 - 100?
13138726
In base 8, what is 7 - 342325022?
-342325013
In base 11, what is 13168708 - 16?
131686a2
In base 14, what is -2 + -2ad89a?
-2ad89c
In base 4, what is -100 - -1103013312?
1103013212
In base 15, what is -1135311 + -2?
-1135313
In base 7, what is 4 - -214144315?
214144322
In base 3, what is 22002000 - -121212?
22200212
In base 10, what is 488972 + 43?
489015
In base 8, what is 31 - -26141001?
26141032
In base 9, what is -6732 + 3503?
-3228
In base 13, what is -54ab92 + -276?
-54b138
In base 5, what is -3 + 1143023234300?
1143023234242
In base 4, what is 113013 - 2031101?
-1312022
In base 5, what is 41134 - -411314?
1003003
In base 2, what is 10011111 - 11001001011001000100?
-11001001010110100101
In base 13, what is -3549 - aac?
-4328
In base 6, what is -535423433 + 104?
-535423325
In base 4, what is 1 - -23001232202?
23001232203
In base 4, what is 11123332110 - 2?
11123332102
In base 7, what is 146545 - 304?
146241
In base 4, what is 1331003113 + 220?
1331003333
In base 15, what is 9 + 1111a1c?
1111a26
In base 4, what is 30 - 301022132?
-301022102
In base 13, what is -6c83 + 6c6?
-658a
In base 13, what is 60 + -b270a1?
-b27041
In base 15, what is -2b + 1124d7?
1124ab
In base 14, what is -123304d - 5?
-1233054
In base 16, what is -3c - 264b?
-2687
In base 13, what is -10653 - -2077?
-b5a9
In base 16, what is 2a14b16 + -3?
2a14b13
In base 3, what is 22002000211 - -20222?
22002021210
In base 5, what is 32012 + 14134?
101201
In base 4, what is 222202103 + -22?
222202021
In base 16, what is 3 - 30c36?
-30c33
In base 4, what is 123110 + -2202023?
-2012313
In base 9, what is 45 - 437715?
-437660
In base 9, what is -1042 - -40324?
38272
In base 14, what is 330 + 11bac1?
11c011
In base 6, what is -10102043044 + 2?
-10102043042
In base 7, what is -5 + -1314235?
-1314243
In base 13, what is -4 + -52a41a0?
-52a41a4
In base 10, what is -17 - 18779097?
-18779114
In base 11, what is 463aaa8 - -3?
4640000
In base 4, what is -100221123 - -1100021?
-33121102
In base 16, what is 5be - 768d?
-70cf
In base 13, what is 172a727 + -2?
172a725
In base 12, what is 227404 - -a?
227412
In base 10, what is -495212 + 1013?
-494199
In base 16, what is -a + -fab003?
-fab00d
In base 11, what is 9 + -4204121?
-4204113
In base 13, what is 150 - 65184?
-65034
In base 13, what is -119 - -35c5b?
35b42
In base 2, what is -1110000010001100 - 10110011?
-1110000100111111
In base 2, what is -1 - 111101100011000011000000?
-111101100011000011000001
In base 11, what is -6345 + 406a0?
35356
In base 14, what is -daa0b9c - -2?
-daa0b9a
In base 9, what is 145 - -86565?
86721
In base 4, what is -212 - -112002332012?
112002331200
In base 9, what is 560771 - 160?
560611
In base 12, what is -2a21 + 2b1b?
ba
In base 9, what is -14388 - -5212?
-8176
In base 10, what is -18 + 173318?
173300
In base 6, what is -1042434302 + 2?
-1042434300
In base 9, what is 7 + -5412104?
-5412086
In base 7, what is 642 + 255556?
256531
In base 10, what is 10063 - -27119?
37182
In base 2, what is -1010000110101 - -110101000010?
-11011110011
In base 10, what is 7214220 - -9?
7214229
In base 4, what is -2333321 + -1230023?
-10230010
In base 4, what is -22 - -2311011030112?
2311011030030
In base 16, what is -2 - 46cee?
-46cf0
In base 11, what is -12 - 6a479a?
-6a4801
In base 14, what is -7 - 54578c?
-545795
In base 16, what is -4fe697 + 1?
-4fe696
In base 3, what is -1220012 + -1001011?
-2221100
In base 14, what is -d09 - 27184?
-2808d
In base 8, what is -177521102 + -12?
-177521114
In base 16, what is -5 - -1f809e?
1f8099
In base 6, what is 5 + 550230120?
550230125
In base 11, what is 5 - 25467a5?
-25467a0
In base 14, what is 529120 + 0?
529120
In base 5, what is 1 + 3402331232?
3402331233
In base 14, what is -c99 - -90bd?
8224
In base 13, what is -7472 + 1694?
-5aab
In base 12, what is -667 - 2a684?
-2b12b
In base 2, what is -1010111 - 1100010111101000101?
-1100010111110011100
In base 7, what is 244341 + 323?
244664
In base 5, what is -1002 - -302422001?
302420444
In base 5, what is 14 + -211231433?
-211231414
In base 12, what is 22 - -619738?
61975a
In base 16, what is -2f9a - -1b715?
1877b
In base 10, what is 1418412 + 496?
1418908
In base 2, what is -1000100101 + -10010111?
-1010111100
In base 10, what is -139 - 294318?
-294457
In base 13, what is -1c3 - -33904?
33711
In base 9, what is 8506105 + 34?
8506140
In base 5, what is 243103022 + 3031?
243111103
In base 7, what is -54 + 215350150?
215350063
In base 14, what is 12 + -d084a?
-d0838
In base 16, what is -aeb880 - -4?
-aeb87c
In base 6, what is -20304415 - 203?
-20305022
In base 9, what is -427 + -814276?
-814714
In base 2, what is -10 - 1000111100010000111101?
-1000111100010000111111
In base 5, what is 3 - -1240114?
1240122
In base 9, what is 2744237 - 27?
2744210
In base 15, what is -d4db - -a61?
-c97a
In base 5, what is 0 + -41141002223?
-41141002223
In base 11, what is -293108a - 4?
-2931093
In base 12, what is 7 - 1536211?
-1536206
In base 14, what is -33 + 6377?
6344
In base 5, what is -1331311300 - -24?
-1331311221
In base 15, what is 3e330b + -1?
3e330a
In base 13, what is 142 - -343ba1?
344013
In base 2, wha